{"id":17,"date":"2016-12-08T18:51:16","date_gmt":"2016-12-08T16:51:16","guid":{"rendered":"http:\/\/familienzentrum-st-martinus.de\/?page_id=17"},"modified":"2023-01-08T13:16:24","modified_gmt":"2023-01-08T12:16:24","slug":"kurzkonzept-kita-buisdorf","status":"publish","type":"page","link":"https:\/\/familienzentrum-st-martinus.de\/?page_id=17","title":{"rendered":"Kurzkonzept Kita Buisdorf"},"content":{"rendered":"<p><img loading=\"lazy\" decoding=\"async\" class=\"alignleft size-medium wp-image-63\" src=\"http:\/\/familienzentrum-st-martinus.de\/wp-content\/uploads\/2016\/12\/logo_kita_buisdorf-300x160.jpg\" alt=\"\" width=\"300\" height=\"160\" srcset=\"https:\/\/familienzentrum-st-martinus.de\/wp-content\/uploads\/2016\/12\/logo_kita_buisdorf-300x160.jpg 300w, https:\/\/familienzentrum-st-martinus.de\/wp-content\/uploads\/2016\/12\/logo_kita_buisdorf.jpg 342w\" sizes=\"auto, (max-width: 300px) 100vw, 300px\" \/><\/p>\n<p>\u00a0<\/p>\n<p>\u00a0<\/p>\n<p>\u00a0<\/p>\n<p>\u00a0<\/p>\n<p>\u201eWir geben unseren Kindern ein Gef\u00fchl von N\u00e4he und Geborgenheit, wir wecken ihre Freude am Spiel, an Spa\u00df und Bewegung.<br \/>Unser Ziel ist es, die Kinder ernst zu nehmen, auf ihre Bed\u00fcrfnisse einzugehen und ihre Interessen und Neigungen herauszufinden und zu f\u00f6rdern. F\u00fcr uns ist es wichtig, den Kindern Unterst\u00fctzung zu geben, Freundschaften aufzubauen und sensibel f\u00fcr andere zu werden.<br \/>Ein besonderer Schwerpunkt f\u00fcr uns ist die religi\u00f6se Erziehung.<br \/>Unser Glaube lebt durch unser Handeln und die allt\u00e4glichen Begegnungen.<br \/>Jedes Kind wird so angenommen und respektiert wie er es ist.<br \/>Die Kinder lernen bei uns den christlichen Glauben kennen, in dem wir ihm die Kirche, die Gemeinde, die christlichen Glaubenssymbole und Inhalte vertraut machen.<\/p>\n<p><strong><img loading=\"lazy\" decoding=\"async\" class=\"size-medium wp-image-332 alignright\" src=\"http:\/\/familienzentrum-st-martinus.de\/wp-content\/uploads\/2016\/12\/Buisdorf_innen-300x225.jpg\" alt=\"\" width=\"300\" height=\"225\" srcset=\"https:\/\/familienzentrum-st-martinus.de\/wp-content\/uploads\/2016\/12\/Buisdorf_innen-300x225.jpg 300w, https:\/\/familienzentrum-st-martinus.de\/wp-content\/uploads\/2016\/12\/Buisdorf_innen-768x576.jpg 768w, https:\/\/familienzentrum-st-martinus.de\/wp-content\/uploads\/2016\/12\/Buisdorf_innen-1024x768.jpg 1024w, https:\/\/familienzentrum-st-martinus.de\/wp-content\/uploads\/2016\/12\/Buisdorf_innen-360x270.jpg 360w, https:\/\/familienzentrum-st-martinus.de\/wp-content\/uploads\/2016\/12\/Buisdorf_innen-80x60.jpg 80w\" sizes=\"auto, (max-width: 300px) 100vw, 300px\" \/><\/strong><strong>Unsere R\u00e4umlichkeiten:<\/strong><br \/>Au\u00dfer unseren drei Gruppenr\u00e4umen mit jeweils einem eigenen Schlaf- und Nebenraum\u00a0verf\u00fcgen wir \u00fcber einen Bewegungsraum, sowie eine gro\u00dfe Eingangshalle, die auch zum Spielen und Feiern genutzt wird. Unser Au\u00dfengel\u00e4nde bietet reichlich Platz zum Sandspielen, Klettern, Laufen und anderen Bewegungsm\u00f6glichkeiten.<br \/>Unsere besondere Raumgestaltung: Wir haben in unseren Gruppen durch Holzeinbauten nach dem &#8222;W\u00fcrzburger Modell&#8220;, sowie den Einbau einer zweiten Ebene ein differenziertes Raumangebot geschaffen. Hier finden die Kinder Ecken zum Bauen, zum Rollenspiel, zum Kuscheln und zum Fr\u00fchst\u00fccken. Zus\u00e4tzlich steht eine Ecke zum gemeinsamen Treffen der Gesamtgruppe zur Verf\u00fcgung.<br \/><br \/>Wir bilden aus. Die F\u00f6rdermittel der EU und des Landes NRW erm\u00f6glichen uns einen Praxisintegrierten Ausbildungsplatz zur Kinderpflegerin.<br \/><br \/>M\u00f6chten Sie mehr \u00fcber uns wissen? <a href=\"http:\/\/familienzentrum-st-martinus.de\/?page_id=89\">Dann rufen Sie uns doch an!\u201c<\/a><\/p>\n<p><strong><img loading=\"lazy\" decoding=\"async\" class=\"alignright size-medium wp-image-49\" src=\"http:\/\/familienzentrum-st-martinus.de\/wp-content\/uploads\/2016\/12\/Buisdorf_P1050875-300x225.jpg\" alt=\"\" width=\"300\" height=\"225\" srcset=\"https:\/\/familienzentrum-st-martinus.de\/wp-content\/uploads\/2016\/12\/Buisdorf_P1050875-300x225.jpg 300w, https:\/\/familienzentrum-st-martinus.de\/wp-content\/uploads\/2016\/12\/Buisdorf_P1050875-768x576.jpg 768w, https:\/\/familienzentrum-st-martinus.de\/wp-content\/uploads\/2016\/12\/Buisdorf_P1050875-1024x768.jpg 1024w, https:\/\/familienzentrum-st-martinus.de\/wp-content\/uploads\/2016\/12\/Buisdorf_P1050875-360x270.jpg 360w, https:\/\/familienzentrum-st-martinus.de\/wp-content\/uploads\/2016\/12\/Buisdorf_P1050875-80x60.jpg 80w\" sizes=\"auto, (max-width: 300px) 100vw, 300px\" \/> <img loading=\"lazy\" decoding=\"async\" class=\"size-medium wp-image-58 alignleft\" src=\"http:\/\/familienzentrum-st-martinus.de\/wp-content\/uploads\/2016\/12\/buisdorf_P1040257-300x225.jpg\" alt=\"\" width=\"300\" height=\"225\" srcset=\"https:\/\/familienzentrum-st-martinus.de\/wp-content\/uploads\/2016\/12\/buisdorf_P1040257-300x225.jpg 300w, https:\/\/familienzentrum-st-martinus.de\/wp-content\/uploads\/2016\/12\/buisdorf_P1040257-768x576.jpg 768w, https:\/\/familienzentrum-st-martinus.de\/wp-content\/uploads\/2016\/12\/buisdorf_P1040257-1024x768.jpg 1024w, https:\/\/familienzentrum-st-martinus.de\/wp-content\/uploads\/2016\/12\/buisdorf_P1040257-360x270.jpg 360w, https:\/\/familienzentrum-st-martinus.de\/wp-content\/uploads\/2016\/12\/buisdorf_P1040257-80x60.jpg 80w\" sizes=\"auto, (max-width: 300px) 100vw, 300px\" \/><\/strong><\/p>\n\n\n<p><\/p>\n\n\n\n<figure class=\"wp-block-image size-full\"><img loading=\"lazy\" decoding=\"async\" width=\"880\" height=\"204\" src=\"https:\/\/familienzentrum-st-martinus.de\/wp-content\/uploads\/2023\/01\/eu-react_esf_mags_ueberschrift_rgb_kl.jpg\" alt=\"\" class=\"wp-image-1286\" srcset=\"https:\/\/familienzentrum-st-martinus.de\/wp-content\/uploads\/2023\/01\/eu-react_esf_mags_ueberschrift_rgb_kl.jpg 880w, https:\/\/familienzentrum-st-martinus.de\/wp-content\/uploads\/2023\/01\/eu-react_esf_mags_ueberschrift_rgb_kl-300x70.jpg 300w, https:\/\/familienzentrum-st-martinus.de\/wp-content\/uploads\/2023\/01\/eu-react_esf_mags_ueberschrift_rgb_kl-768x178.jpg 768w\" sizes=\"auto, (max-width: 880px) 100vw, 880px\" \/><\/figure>\n","protected":false},"excerpt":{"rendered":"<p>\u00a0 \u00a0 \u00a0 \u00a0 \u201eWir geben unseren Kindern ein Gef\u00fchl von N\u00e4he und Geborgenheit, wir wecken ihre Freude am Spiel, an Spa\u00df und Bewegung.Unser Ziel ist es, die Kinder ernst [&hellip;]<\/p>\n","protected":false},"author":4,"featured_media":180,"parent":0,"menu_order":0,"comment_status":"closed","ping_status":"closed","template":"","meta":{"footnotes":""},"class_list":["post-17","page","type-page","status-publish","has-post-thumbnail","hentry"],"_links":{"self":[{"href":"https:\/\/familienzentrum-st-martinus.de\/index.php?rest_route=\/wp\/v2\/pages\/17","targetHints":{"allow":["GET"]}}],"collection":[{"href":"https:\/\/familienzentrum-st-martinus.de\/index.php?rest_route=\/wp\/v2\/pages"}],"about":[{"href":"https:\/\/familienzentrum-st-martinus.de\/index.php?rest_route=\/wp\/v2\/types\/page"}],"author":[{"embeddable":true,"href":"https:\/\/familienzentrum-st-martinus.de\/index.php?rest_route=\/wp\/v2\/users\/4"}],"replies":[{"embeddable":true,"href":"https:\/\/familienzentrum-st-martinus.de\/index.php?rest_route=%2Fwp%2Fv2%2Fcomments&post=17"}],"version-history":[{"count":6,"href":"https:\/\/familienzentrum-st-martinus.de\/index.php?rest_route=\/wp\/v2\/pages\/17\/revisions"}],"predecessor-version":[{"id":1290,"href":"https:\/\/familienzentrum-st-martinus.de\/index.php?rest_route=\/wp\/v2\/pages\/17\/revisions\/1290"}],"wp:featuredmedia":[{"embeddable":true,"href":"https:\/\/familienzentrum-st-martinus.de\/index.php?rest_route=\/wp\/v2\/media\/180"}],"wp:attachment":[{"href":"https:\/\/familienzentrum-st-martinus.de\/index.php?rest_route=%2Fwp%2Fv2%2Fmedia&parent=17"}],"curies":[{"name":"wp","href":"https:\/\/api.w.org\/{rel}","templated":true}]}}