{"id":917,"date":"2019-10-25T11:43:28","date_gmt":"2019-10-25T09:43:28","guid":{"rendered":"http:\/\/familienzentrum-st-martinus.de\/?page_id=917"},"modified":"2019-10-25T17:06:16","modified_gmt":"2019-10-25T15:06:16","slug":"foerderverein-kita-buisdorf","status":"publish","type":"page","link":"https:\/\/familienzentrum-st-martinus.de\/?page_id=917","title":{"rendered":"F\u00f6rderverein Kita Buisdorf"},"content":{"rendered":"\n<p>Die Freude ist gro\u00df, denn einige engagierte Eltern unserer\nKita haben einen F\u00f6rderverein f\u00fcr die Kita gegr\u00fcndet!<\/p>\n\n\n\n<p>Hier gelangen Sie zum Infoflyer des F\u00f6rdervereins. <\/p>\n\n\n\n<div class=\"wp-block-file\"><a href=\"http:\/\/familienzentrum-st-martinus.de\/wp-content\/uploads\/2019\/10\/Flyer-F\u00f6derverein.pdf\">Flyer-F\u00f6derverein<\/a><a href=\"http:\/\/familienzentrum-st-martinus.de\/wp-content\/uploads\/2019\/10\/Flyer-F\u00f6derverein.pdf\" class=\"wp-block-file__button\" download>Herunterladen<\/a><\/div>\n\n\n","protected":false},"excerpt":{"rendered":"<p>Die Freude ist gro\u00df, denn einige engagierte Eltern unserer Kita haben einen F\u00f6rderverein f\u00fcr die Kita gegr\u00fcndet! Hier gelangen Sie zum Infoflyer des F\u00f6rdervereins.<\/p>\n","protected":false},"author":2,"featured_media":0,"parent":0,"menu_order":0,"comment_status":"closed","ping_status":"closed","template":"","meta":{"footnotes":""},"class_list":["post-917","page","type-page","status-publish","hentry"],"_links":{"self":[{"href":"https:\/\/familienzentrum-st-martinus.de\/index.php?rest_route=\/wp\/v2\/pages\/917","targetHints":{"allow":["GET"]}}],"collection":[{"href":"https:\/\/familienzentrum-st-martinus.de\/index.php?rest_route=\/wp\/v2\/pages"}],"about":[{"href":"https:\/\/familienzentrum-st-martinus.de\/index.php?rest_route=\/wp\/v2\/types\/page"}],"author":[{"embeddable":true,"href":"https:\/\/familienzentrum-st-martinus.de\/index.php?rest_route=\/wp\/v2\/users\/2"}],"replies":[{"embeddable":true,"href":"https:\/\/familienzentrum-st-martinus.de\/index.php?rest_route=%2Fwp%2Fv2%2Fcomments&post=917"}],"version-history":[{"count":1,"href":"https:\/\/familienzentrum-st-martinus.de\/index.php?rest_route=\/wp\/v2\/pages\/917\/revisions"}],"predecessor-version":[{"id":919,"href":"https:\/\/familienzentrum-st-martinus.de\/index.php?rest_route=\/wp\/v2\/pages\/917\/revisions\/919"}],"wp:attachment":[{"href":"https:\/\/familienzentrum-st-martinus.de\/index.php?rest_route=%2Fwp%2Fv2%2Fmedia&parent=917"}],"curies":[{"name":"wp","href":"https:\/\/api.w.org\/{rel}","templated":true}]}}